
523
What are the prime factors of 3087?
3, 7
List the prime factors of 114588.
2, 3, 1061
List the prime factors of 4681.
31, 151
List the prime factors of 1268.
2, 317
List the prime factors of 237.
3, 79
List the prime factors of 8672.
2, 271
List the prime factors of 1041.
3, 347
What are the prime factors of 2565?
3, 5, 19
What are the prime factors of 6008?
2, 751
What are the prime factors of 2605?
5, 521
What are the prime factors of 44184?
2, 3, 7, 263
List the prime factors of 1262.
2, 631
List the prime factors of 25889.
25889
List the prime factors of 676.
2, 13
What are the prime factors of 20512?
2, 641
What are the prime factors of 38148?
2, 3, 11, 17
What are the prime factors of 4259?
4259
List the prime factors of 593.
593
List the prime factors of 23626.
2, 11813
What are the prime factors of 3169?
3169
What are the prime factors of 111109?
111109
What are the prime factors of 8171?
8171
List the prime factors of 13121.
13121
What are the prime factors of 954?
2, 3, 53
What are the prime factors of 124138?
2, 7, 8867
List the prime factors of 54.
2, 3
What are the prime factors of 11802?
2, 3, 7, 281
List the prime factors of 116439.
3, 37, 1049
What are the prime factors of 100716?
2, 3, 7, 11, 109
What are the prime factors of 63574?
2, 7, 19, 239
What are the prime factors of 7097?
47, 151
What are the prime factors of 7?
7
List the prime factors of 73428.
2, 3, 29, 211
What are the prime factors of 40042?
2, 20021
List the prime factors of 1030.
2, 5, 103
List the prime factors of 4425.
3, 5, 59
What are the prime factors of 3277?
29, 113
What are the prime factors of 481?
13, 37
What are the prime factors of 32935?
5, 7, 941
What are the prime factors of 2483?
13, 191
What are the prime factors of 1091?
1091
List the prime factors of 15936.
2, 3, 83
List the prime factors of 33272.
2, 4159
What are the prime factors of 75929?
7, 10847
List the prime factors of 2205.
3, 5, 7
List the prime factors of 481.
13, 37
List the prime factors of 2375.
5, 19
What are the prime factors of 2543?
2543
List the prime factors of 479.
479
List the prime factors of 27183.
3, 13, 17, 41
What are the prime factors of 2501?
41, 61
What are the prime factors of 14411?
14411
What are the prime factors of 7924?
2, 7, 283
What are the prime factors of 31426?
2, 19, 827
List the prime factors of 12817.
7, 1831
What are the prime factors of 14178?
2, 3, 17, 139
What are the prime factors of 118272?
2, 3, 7, 11
List the prime factors of 7713.
3, 857
List the prime factors of 7898.
2, 11, 359
List the prime factors of 107.
107
What are the prime factors of 4118?
2, 29, 71
List the prime factors of 22651.
22651
List the prime factors of 4249.
7, 607
What are the prime factors of 9954?
2, 3, 7, 79
List the prime factors of 1172.
2, 293
List the prime factors of 2595.
3, 5, 173
List the prime factors of 7671.
3, 2557
List the prime factors of 115063.
13, 53, 167
List the prime factors of 1141.
7, 163
What are the prime factors of 269?
269
List the prime factors of 5837.
13, 449
List the prime factors of 14.
2, 7
What are the prime factors of 6392?
2, 17, 47
List the prime factors of 78741.
3, 13, 673
What are the prime factors of 25826?
2, 37, 349
List the prime factors of 3187.
3187
What are the prime factors of 51706?
2, 103, 251
What are the prime factors of 19752?
2, 3, 823
List the prime factors of 2242.
2, 19, 59
List the prime factors of 9885.
3, 5, 659
What are the prime factors of 1223?
1223
List the prime factors of 1185.
3, 5, 79
List the prime factors of 8296.
2, 17, 61
List the prime factors of 13990.
2, 5, 1399
List the prime factors of 8852.
2, 2213
What are the prime factors of 3026?
2, 17, 89
What are the prime factors of 36685?
5, 11, 23, 29
What are the prime factors of 17217?
3, 1913
List the prime factors of 4457.
4457
What are the prime factors of 172997?
11, 15727
What are the prime factors of 58950?
2, 3, 5, 131
List the prime factors of 7408.
2, 463
List the prime factors of 88548.
2, 3, 47, 157
What are the prime factors of 4422?
2, 3, 11, 67
List the prime factors of 629.
17, 37
List the prime factors of 534.
2, 3, 89
List the prime factors of 33241.
13, 2557
What are the prime factors of 5992?
2, 7, 107
What are the prime factors of 1616?
2, 101
What are the prime factors of 81759?
3, 27253
List the prime factors of 56.
2, 7
List the prime factors of 11433.
3, 37, 103
List the prime factors of 17924.
2, 4481
What are the prime factors of 5676?
2, 3, 11, 43
What are the prime factors of 12233?
13, 941
What are the prime factors of 5393?
5393
What are the prime factors of 64908?
2, 3, 601
What are the prime factors of 352?
2, 11
What are the prime factors of 1543?
1543
List the prime factors of 494.
2, 13, 19
List the prime factors of 38903.
38903
List the prime factors of 23169.
3, 7723
What are the prime factors of 450?
2, 3, 5
What are the prime factors of 2413?
19, 127
What are the prime factors of 19124?
2, 7, 683
List the prime factors of 32458.
2, 16229
List the prime factors of 2890.
2, 5, 17
List the prime factors of 413.
7, 59
List the prime factors of 15050.
2, 5, 7, 43
What are the prime factors of 12736?
2, 199
List the prime factors of 45705.
3, 5, 11, 277
What are the prime factors of 33154?
2, 11, 137
What are the prime factors of 304?
2, 19
List the prime factors of 4318.
2, 17, 127
What are the prime factors of 71080?
2, 5, 1777
List the prime factors of 2835.
3, 5, 7
List the prime factors of 4733.
4733
What are the prime factors of 55259?
55259
What are the prime factors of 57986?
2, 79, 367
List the prime factors of 508.
2, 127
What are the prime factors of 4379?
29, 151
List the prime factors of 1279.
1279
List the prime factors of 371.
7, 53
What are the prime factors of 1238?
2, 619
What are the prime factors of 4033?
37, 109
What are the prime factors of 1782?
2, 3, 11
List the prime factors of 679.
7, 97
List the prime factors of 30916.
2, 59, 131
List the prime factors of 7109.
7109
What are the prime factors of 30912?
2, 3, 7, 23
List the prime factors of 7493.
59, 127
List the prime factors of 25013.
25013
What are the prime factors of 3564?
2, 3, 11
List the prime factors of 743.
743
What are the prime factors of 12714?
2, 3, 13, 163
What are the prime factors of 35822?
2, 17911
What are the prime factors of 89090?
2, 5, 59, 151
What are the prime factors of 1512?
2, 3, 7
List the prime factors of 55946.
2, 11, 2543
What are the prime factors of 65740?
2, 5, 19, 173
List the prime factors of 16734.
2, 3, 2789
What are the prime factors of 534?
2, 3, 89
What are the prime factors of 5331?
3, 1777
List the prime factors of 46518.
2, 3, 7753
What are the prime factors of 14759?
14759
What are the prime factors of 1620?
2, 3, 5
List the prime factors of 8292.
2, 3, 691
List the prime factors of 1411.
17, 83
What are the prime factors of 8534?
2, 17, 251
List the prime factors of 13972.
2, 7, 499
List the prime factors of 51069.
3, 29, 587
What are the prime factors of 1323?
3, 7
List the prime factors of 8119.
23, 353
What are the prime factors of 65?
5, 13
What are the prime factors of 1220?
2, 5, 61
What are the prime factors of 65832?
2, 3, 13, 211
What are the prime factors of 54761?
7, 7823
List the prime factors of 4486.
2, 2243
What are the prime factors of 109067?
7, 15581
What are the prime factors of 83510?
2, 5, 7, 1193
List the prime factors of 2138.
2, 1069
List the prime factors of 3021.
3, 19, 53
List the prime factors of 110896.
2, 29, 239
What are the prime factors of 31489?
31489
List the prime factors of 2031.
3, 677
List the prime factors of 4366.
2, 37, 59
List the prime factors of 81685.
5, 17, 31
List the prime factors of 27.
3
What are the prime factors of 13589?
107, 127
What are the prime factors of 41432?
2, 5179
List the prime factors of 256.
2
List the prime factors of 990.
2, 3, 5, 11
List the prime factors of 65585.
5, 13, 1009
What are the prime factors of 813?
3, 271
What are the prime factors of 13716?
2, 3, 127
What are the prime factors of 2129?
2129
What are the prime factors of 54368?
2, 1699
What are the prime factors of 6769?
7, 967
List the prime factors of 118.
2, 59
What are the prime factors of 26561?
26561
List the prime factors of 1432.
2, 179
List 